{"id":8,"date":"2018-12-06T11:55:31","date_gmt":"2018-12-06T10:55:31","guid":{"rendered":"http:\/\/www.ambio.ch\/umweltberatung\/?page_id=8"},"modified":"2025-07-20T15:32:05","modified_gmt":"2025-07-20T13:32:05","slug":"dienstleistungen","status":"publish","type":"page","link":"https:\/\/www.ambio.ch\/umweltberatung\/dienstleistungen\/","title":{"rendered":"Aktuelle Dienstleistungen"},"content":{"rendered":"<ul class=\"lcp_catlist\" id=\"lcp_instance_0\"><li ><a href=\"https:\/\/www.ambio.ch\/umweltberatung\/2018\/12\/schwachstellenanalysen\/\" title=\"Schwachstellenanalysen\">Schwachstellenanalysen<\/a>  <\/li><li ><a href=\"https:\/\/www.ambio.ch\/umweltberatung\/2018\/12\/umweltvertraeglichkeitspruefungen-uvps\/\" title=\"Umweltvertr\u00e4glichkeitspr\u00fcfungen (UVPs)\">Umweltvertr\u00e4glichkeitspr\u00fcfungen (UVPs)<\/a>  <\/li><li ><a href=\"https:\/\/www.ambio.ch\/umweltberatung\/2018\/12\/beduerfnisabklaerungen-fuer-umweltdaten\/\" title=\"Bed\u00fcrfnisabkl\u00e4rungen f\u00fcr Umweltdaten\">Bed\u00fcrfnisabkl\u00e4rungen f\u00fcr Umweltdaten<\/a>  <\/li><li ><a href=\"https:\/\/www.ambio.ch\/umweltberatung\/2018\/12\/konzepte\/\" title=\"Konzepte f\u00fcr das Umweltdatenmanagement von Fachstellen, \u00c4mtern und Unternehmen\">Konzepte f\u00fcr das Umweltdatenmanagement von Fachstellen, \u00c4mtern und Unternehmen<\/a>  <\/li><li ><a href=\"https:\/\/www.ambio.ch\/umweltberatung\/2018\/12\/langzeit-monitoring-konzepte\/\" title=\"Langzeit-Monitoring-Konzepte zur Umweltbeobachtung\">Langzeit-Monitoring-Konzepte zur Umweltbeobachtung<\/a>  <\/li><li ><a href=\"https:\/\/www.ambio.ch\/umweltberatung\/2018\/12\/ausuebung-von-mandaten-im-umweltbereich\/\" title=\"Aus\u00fcbung von Mandaten im Umweltbereich\">Aus\u00fcbung von Mandaten im Umweltbereich<\/a>  <\/li><li ><a href=\"https:\/\/www.ambio.ch\/umweltberatung\/2018\/12\/sanierungskonzepte-von-kleinseen-und-weihern\/\" title=\"Sanierungskonzepte von Kleinseen und Weihern\">Sanierungskonzepte von Kleinseen und Weihern<\/a>  <\/li><li ><a href=\"https:\/\/www.ambio.ch\/umweltberatung\/2018\/12\/gewaesservertraeglichkeit\/\" title=\"Gew\u00e4sservertr\u00e4glichkeit von Industrieabw\u00e4ssern und speziellen Stoffen\">Gew\u00e4sservertr\u00e4glichkeit von Industrieabw\u00e4ssern und speziellen Stoffen<\/a>  <\/li><li ><a href=\"https:\/\/www.ambio.ch\/umweltberatung\/2018\/12\/optimierung-der-wasser-und-naehrstoffsituation-in-moorgebieten-und-auen\/\" title=\"Optimierung der Wasser- und N\u00e4hrstoffsituation in Moorgebieten und Auen\">Optimierung der Wasser- und N\u00e4hrstoffsituation in Moorgebieten und Auen<\/a>  <\/li><li ><a href=\"https:\/\/www.ambio.ch\/umweltberatung\/2018\/12\/grundlagenberichte-zustands-und-nutzungsanalysen-von-gewaessersystemen\/\" title=\"Grundlagenberichte, Zustands- und Nutzungsanalysen von Gew\u00e4ssersystemen\">Grundlagenberichte, Zustands- und Nutzungsanalysen von Gew\u00e4ssersystemen<\/a>  <\/li><\/ul>\n\n\n\n<p><\/p>\n","protected":false},"excerpt":{"rendered":"<p> <a class=\"continue-reading-link\" href=\"https:\/\/www.ambio.ch\/umweltberatung\/dienstleistungen\/\"><span>Continue reading<\/span><i class=\"crycon-right-dir\"><\/i><\/a> <\/p>\n","protected":false},"author":2,"featured_media":0,"parent":0,"menu_order":0,"comment_status":"closed","ping_status":"closed","template":"","meta":{"footnotes":""},"class_list":["post-8","page","type-page","status-publish","hentry"],"_links":{"self":[{"href":"https:\/\/www.ambio.ch\/umweltberatung\/wp-json\/wp\/v2\/pages\/8"}],"collection":[{"href":"https:\/\/www.ambio.ch\/umweltberatung\/wp-json\/wp\/v2\/pages"}],"about":[{"href":"https:\/\/www.ambio.ch\/umweltberatung\/wp-json\/wp\/v2\/types\/page"}],"author":[{"embeddable":true,"href":"https:\/\/www.ambio.ch\/umweltberatung\/wp-json\/wp\/v2\/users\/2"}],"replies":[{"embeddable":true,"href":"https:\/\/www.ambio.ch\/umweltberatung\/wp-json\/wp\/v2\/comments?post=8"}],"version-history":[{"count":55,"href":"https:\/\/www.ambio.ch\/umweltberatung\/wp-json\/wp\/v2\/pages\/8\/revisions"}],"predecessor-version":[{"id":1136,"href":"https:\/\/www.ambio.ch\/umweltberatung\/wp-json\/wp\/v2\/pages\/8\/revisions\/1136"}],"wp:attachment":[{"href":"https:\/\/www.ambio.ch\/umweltberatung\/wp-json\/wp\/v2\/media?parent=8"}],"curies":[{"name":"wp","href":"https:\/\/api.w.org\/{rel}","templated":true}]}}

<ul class="lcp_catlist" id="lcp_instance_0"><li ><a href="https://www.ambio.ch/umweltberatung/2018/12/schwachstellenanalysen/" title="Schwachstellenanalysen">Schwachstellenanalysen</a>  </li><li ><a href="https://www.ambio.ch/umweltberatung/2018/12/umweltvertraeglichkeitspruefungen-uvps/" title="Umweltverträglichkeitsprüfungen (UVPs)">Umweltverträglichkeitsprüfungen (UVPs)</a>  </li><li ><a href="https://www.ambio.ch/umweltberatung/2018/12/beduerfnisabklaerungen-fuer-umweltdaten/" title="Bedürfnisabklärungen für Umweltdaten">Bedürfnisabklärungen für Umweltdaten</a>  </li><li ><a href="https://www.ambio.ch/umweltberatung/2018/12/konzepte/" title="Konzepte für das Umweltdatenmanagement von Fachstellen, Ämtern und Unternehmen">Konzepte für das Umweltdatenmanagement von Fachstellen, Ämtern und Unternehmen</a>  </li><li ><a href="https://www.ambio.ch/umweltberatung/2018/12/langzeit-monitoring-konzepte/" title="Langzeit-Monitoring-Konzepte zur Umweltbeobachtung">Langzeit-Monitoring-Konzepte zur Umweltbeobachtung</a>  </li><li ><a href="https://www.ambio.ch/umweltberatung/2018/12/ausuebung-von-mandaten-im-umweltbereich/" title="Ausübung von Mandaten im Umweltbereich">Ausübung von Mandaten im Umweltbereich</a>  </li><li ><a href="https://www.ambio.ch/umweltberatung/2018/12/sanierungskonzepte-von-kleinseen-und-weihern/" title="Sanierungskonzepte von Kleinseen und Weihern">Sanierungskonzepte von Kleinseen und Weihern</a>  </li><li ><a href="https://www.ambio.ch/umweltberatung/2018/12/gewaesservertraeglichkeit/" title="Gewässerverträglichkeit von Industrieabwässern und speziellen Stoffen">Gewässerverträglichkeit von Industrieabwässern und speziellen Stoffen</a>  </li><li ><a href="https://www.ambio.ch/umweltberatung/2018/12/optimierung-der-wasser-und-naehrstoffsituation-in-moorgebieten-und-auen/" title="Optimierung der Wasser- und Nährstoffsituation in Moorgebieten und Auen">Optimierung der Wasser- und Nährstoffsituation in Moorgebieten und Auen</a>  </li><li ><a href="https://www.ambio.ch/umweltberatung/2018/12/grundlagenberichte-zustands-und-nutzungsanalysen-von-gewaessersystemen/" title="Grundlagenberichte, Zustands- und Nutzungsanalysen von Gewässersystemen">Grundlagenberichte, Zustands- und Nutzungsanalysen von Gewässersystemen</a>  </li></ul>



<p></p>
